{"id":10219,"date":"2026-09-02T11:40:42","date_gmt":"2026-09-02T14:40:42","guid":{"rendered":"https:\/\/ideiagraficaebrindes.com.br\/?post_type=product&#038;p=10219"},"modified":"2026-09-02T11:54:47","modified_gmt":"2026-09-02T14:54:47","slug":"chapeu-produtor-chapeu-fibra-de-bambu-personalizado","status":"publish","type":"product","link":"https:\/\/ideiagraficaebrindes.com.br\/en\/product\/chapeu-produtor-chapeu-fibra-de-bambu-personalizado\/","title":{"rendered":"Chap\u00e9u Produtor &#8211; Chap\u00e9u fibra de bambu Personalizado"},"content":{"rendered":"<p>Chap\u00e9u Fibra de Bambu &#8211; Chap\u00e9u Produtor \u00e9 fabricado com fibras naturais (bambu) e poli\u00e9ster. Leve, confort\u00e1vel, pode molhar que n\u00e3o deforma, se amassar retorna ao estado original.<\/p>\n<p>Grava\u00e7\u00e3o em impress\u00e3o UV colorida ou grava\u00e7\u00e3o a laser. Impress\u00e3o feita em uma fita de couro sint\u00e9tico dispon\u00edvel em v\u00e1rias cores.<\/p>","protected":false},"excerpt":{"rendered":"<p>Chap\u00e9u Fibra de Bambu &#8211; Chap\u00e9u Produtor \u00e9 fabricado com fibras naturais (bambu) e poli\u00e9ster. Leve, confort\u00e1vel, pode molhar que n\u00e3o deforma, se amassar retorna ao estado original.<\/p>\n<p>Grava\u00e7\u00e3o em impress\u00e3o UV colorida ou grava\u00e7\u00e3o a laser. Impress\u00e3o feita em uma fita de couro sint\u00e9tico dispon\u00edvel em v\u00e1rias cores.<\/p>","protected":false},"featured_media":10223,"comment_status":"open","ping_status":"closed","template":"","meta":{"_monsterinsights_skip_tracking":false,"_monsterinsights_sitenote_active":false,"_monsterinsights_sitenote_note":"","_monsterinsights_sitenote_category":0},"product_brand":[],"product_cat":[170,219,284,331],"product_tag":[509,511,510],"class_list":["post-10219","product","type-product","status-publish","has-post-thumbnail","product_cat-bone","product_cat-brindes","product_cat-cuidados-pessoais","product_cat-diversos","product_tag-chapeu","product_tag-chapeu-fibra-de-bambu","product_tag-chapeu-produtor","first","instock","shipping-taxable","product-type-simple"],"yoast_head":"<!-- This site is optimized with the Yoast SEO plugin v28.4 - https:\/\/yoast.com\/product\/yoast-seo-wordpress\/ -->\n<title>Chap\u00e9u Produtor - Chap\u00e9u fibra de bambu Personalizado - Ideia Gr\u00e1fica e Brindes<\/title>\n<meta name=\"description\" content=\"Chap\u00e9u Fibra de Bambu - Chap\u00e9u Produtor \u00e9 fabricado com fibras naturais (bambu) e poli\u00e9ster. Leve, confort\u00e1vel, pode molhar que n\u00e3o deforma\" \/>\n<meta name=\"robots\" content=\"index, follow, max-snippet:-1, max-image-preview:large, max-video-preview:-1\" \/>\n<link rel=\"canonical\" href=\"https:\/\/ideiagraficaebrindes.com.br\/en\/product\/chapeu-produtor-chapeu-fibra-de-bambu-personalizado\/\" \/>\n<meta property=\"og:locale\" content=\"en_US\" \/>\n<meta property=\"og:type\" content=\"article\" \/>\n<meta property=\"og:title\" content=\"Chap\u00e9u Produtor - Chap\u00e9u fibra de bambu Personalizado - Ideia Gr\u00e1fica e Brindes\" \/>\n<meta property=\"og:description\" content=\"Chap\u00e9u Fibra de Bambu - Chap\u00e9u Produtor \u00e9 fabricado com fibras naturais (bambu) e poli\u00e9ster. Leve, confort\u00e1vel, pode molhar que n\u00e3o deforma\" \/>\n<meta property=\"og:url\" content=\"https:\/\/ideiagraficaebrindes.com.br\/en\/product\/chapeu-produtor-chapeu-fibra-de-bambu-personalizado\/\" \/>\n<meta property=\"og:site_name\" content=\"Ideia Gr\u00e1fica e Brindes\" \/>\n<meta property=\"article:modified_time\" content=\"2026-09-02T14:54:47+00:00\" \/>\n<meta property=\"og:image\" content=\"http:\/\/ideiagraficaebrindes.com.br\/wp-content\/uploads\/2026\/09\/chapeu-produtor-cor-palha-3f954bf9c3c05ed9798635b32a738a4b85b5c756.png\" \/>\n\t<meta property=\"og:image:width\" content=\"999\" \/>\n\t<meta property=\"og:image:height\" content=\"1000\" \/>\n\t<meta property=\"og:image:type\" content=\"image\/png\" \/>\n<meta name=\"twitter:card\" content=\"summary_large_image\" \/>\n<meta name=\"twitter:label1\" content=\"Est. reading time\" \/>\n\t<meta name=\"twitter:data1\" content=\"1 minute\" \/>\n<script type=\"application\/ld+json\" class=\"yoast-schema-graph\">{\"@context\":\"https:\\\/\\\/schema.org\",\"@graph\":[{\"@type\":\"WebPage\",\"@id\":\"https:\\\/\\\/ideiagraficaebrindes.com.br\\\/produto\\\/chapeu-produtor-chapeu-fibra-de-bambu-personalizado\\\/\",\"url\":\"https:\\\/\\\/ideiagraficaebrindes.com.br\\\/produto\\\/chapeu-produtor-chapeu-fibra-de-bambu-personalizado\\\/\",\"name\":\"Chap\u00e9u Produtor - Chap\u00e9u fibra de bambu Personalizado - Ideia Gr\u00e1fica e Brindes\",\"isPartOf\":{\"@id\":\"https:\\\/\\\/ideiagraficaebrindes.com.br\\\/#website\"},\"primaryImageOfPage\":{\"@id\":\"https:\\\/\\\/ideiagraficaebrindes.com.br\\\/produto\\\/chapeu-produtor-chapeu-fibra-de-bambu-personalizado\\\/#primaryimage\"},\"image\":{\"@id\":\"https:\\\/\\\/ideiagraficaebrindes.com.br\\\/produto\\\/chapeu-produtor-chapeu-fibra-de-bambu-personalizado\\\/#primaryimage\"},\"thumbnailUrl\":\"https:\\\/\\\/ideiagraficaebrindes.com.br\\\/wp-content\\\/uploads\\\/2026\\\/09\\\/chapeu-produtor-cor-palha-3f954bf9c3c05ed9798635b32a738a4b85b5c756.png\",\"datePublished\":\"2026-09-02T14:40:42+00:00\",\"dateModified\":\"2026-09-02T14:54:47+00:00\",\"description\":\"Chap\u00e9u Fibra de Bambu - Chap\u00e9u Produtor \u00e9 fabricado com fibras naturais (bambu) e poli\u00e9ster. Leve, confort\u00e1vel, pode molhar que n\u00e3o deforma\",\"breadcrumb\":{\"@id\":\"https:\\\/\\\/ideiagraficaebrindes.com.br\\\/produto\\\/chapeu-produtor-chapeu-fibra-de-bambu-personalizado\\\/#breadcrumb\"},\"inLanguage\":\"en-US\",\"potentialAction\":[{\"@type\":\"ReadAction\",\"target\":[\"https:\\\/\\\/ideiagraficaebrindes.com.br\\\/produto\\\/chapeu-produtor-chapeu-fibra-de-bambu-personalizado\\\/\"]}]},{\"@type\":\"ImageObject\",\"inLanguage\":\"en-US\",\"@id\":\"https:\\\/\\\/ideiagraficaebrindes.com.br\\\/produto\\\/chapeu-produtor-chapeu-fibra-de-bambu-personalizado\\\/#primaryimage\",\"url\":\"https:\\\/\\\/ideiagraficaebrindes.com.br\\\/wp-content\\\/uploads\\\/2026\\\/09\\\/chapeu-produtor-cor-palha-3f954bf9c3c05ed9798635b32a738a4b85b5c756.png\",\"contentUrl\":\"https:\\\/\\\/ideiagraficaebrindes.com.br\\\/wp-content\\\/uploads\\\/2026\\\/09\\\/chapeu-produtor-cor-palha-3f954bf9c3c05ed9798635b32a738a4b85b5c756.png\",\"width\":999,\"height\":1000},{\"@type\":\"BreadcrumbList\",\"@id\":\"https:\\\/\\\/ideiagraficaebrindes.com.br\\\/produto\\\/chapeu-produtor-chapeu-fibra-de-bambu-personalizado\\\/#breadcrumb\",\"itemListElement\":[{\"@type\":\"ListItem\",\"position\":1,\"name\":\"In\u00edcio\",\"item\":\"https:\\\/\\\/ideiagraficaebrindes.com.br\\\/\"},{\"@type\":\"ListItem\",\"position\":2,\"name\":\"Loja\",\"item\":\"https:\\\/\\\/ideiagraficaebrindes.com.br\\\/loja\\\/\"},{\"@type\":\"ListItem\",\"position\":3,\"name\":\"Chap\u00e9u Produtor &#8211; Chap\u00e9u fibra de bambu Personalizado\"}]},{\"@type\":\"WebSite\",\"@id\":\"https:\\\/\\\/ideiagraficaebrindes.com.br\\\/#website\",\"url\":\"https:\\\/\\\/ideiagraficaebrindes.com.br\\\/\",\"name\":\"Ideia Gr\u00e1fica e Brindes\",\"description\":\"Brindes Personalizados e Impress\u00e3o em geral\",\"potentialAction\":[{\"@type\":\"SearchAction\",\"target\":{\"@type\":\"EntryPoint\",\"urlTemplate\":\"https:\\\/\\\/ideiagraficaebrindes.com.br\\\/?s={search_term_string}\"},\"query-input\":{\"@type\":\"PropertyValueSpecification\",\"valueRequired\":true,\"valueName\":\"search_term_string\"}}],\"inLanguage\":\"en-US\"}]}<\/script>\n<!-- \/ Yoast SEO plugin. -->","yoast_head_json":{"title":"Chap\u00e9u Produtor - Chap\u00e9u fibra de bambu Personalizado - Ideia Gr\u00e1fica e Brindes","description":"Chap\u00e9u Fibra de Bambu - Chap\u00e9u Produtor \u00e9 fabricado com fibras naturais (bambu) e poli\u00e9ster. Leve, confort\u00e1vel, pode molhar que n\u00e3o deforma","robots":{"index":"index","follow":"follow","max-snippet":"max-snippet:-1","max-image-preview":"max-image-preview:large","max-video-preview":"max-video-preview:-1"},"canonical":"https:\/\/ideiagraficaebrindes.com.br\/en\/product\/chapeu-produtor-chapeu-fibra-de-bambu-personalizado\/","og_locale":"en_US","og_type":"article","og_title":"Chap\u00e9u Produtor - Chap\u00e9u fibra de bambu Personalizado - Ideia Gr\u00e1fica e Brindes","og_description":"Chap\u00e9u Fibra de Bambu - Chap\u00e9u Produtor \u00e9 fabricado com fibras naturais (bambu) e poli\u00e9ster. Leve, confort\u00e1vel, pode molhar que n\u00e3o deforma","og_url":"https:\/\/ideiagraficaebrindes.com.br\/en\/product\/chapeu-produtor-chapeu-fibra-de-bambu-personalizado\/","og_site_name":"Ideia Gr\u00e1fica e Brindes","article_modified_time":"2026-09-02T14:54:47+00:00","og_image":[{"width":999,"height":1000,"url":"http:\/\/ideiagraficaebrindes.com.br\/wp-content\/uploads\/2026\/09\/chapeu-produtor-cor-palha-3f954bf9c3c05ed9798635b32a738a4b85b5c756.png","type":"image\/png"}],"twitter_card":"summary_large_image","twitter_misc":{"Est. reading time":"1 minute"},"schema":{"@context":"https:\/\/schema.org","@graph":[{"@type":"WebPage","@id":"https:\/\/ideiagraficaebrindes.com.br\/produto\/chapeu-produtor-chapeu-fibra-de-bambu-personalizado\/","url":"https:\/\/ideiagraficaebrindes.com.br\/produto\/chapeu-produtor-chapeu-fibra-de-bambu-personalizado\/","name":"Chap\u00e9u Produtor - Chap\u00e9u fibra de bambu Personalizado - Ideia Gr\u00e1fica e Brindes","isPartOf":{"@id":"https:\/\/ideiagraficaebrindes.com.br\/#website"},"primaryImageOfPage":{"@id":"https:\/\/ideiagraficaebrindes.com.br\/produto\/chapeu-produtor-chapeu-fibra-de-bambu-personalizado\/#primaryimage"},"image":{"@id":"https:\/\/ideiagraficaebrindes.com.br\/produto\/chapeu-produtor-chapeu-fibra-de-bambu-personalizado\/#primaryimage"},"thumbnailUrl":"https:\/\/ideiagraficaebrindes.com.br\/wp-content\/uploads\/2026\/09\/chapeu-produtor-cor-palha-3f954bf9c3c05ed9798635b32a738a4b85b5c756.png","datePublished":"2026-09-02T14:40:42+00:00","dateModified":"2026-09-02T14:54:47+00:00","description":"Chap\u00e9u Fibra de Bambu - Chap\u00e9u Produtor \u00e9 fabricado com fibras naturais (bambu) e poli\u00e9ster. Leve, confort\u00e1vel, pode molhar que n\u00e3o deforma","breadcrumb":{"@id":"https:\/\/ideiagraficaebrindes.com.br\/produto\/chapeu-produtor-chapeu-fibra-de-bambu-personalizado\/#breadcrumb"},"inLanguage":"en-US","potentialAction":[{"@type":"ReadAction","target":["https:\/\/ideiagraficaebrindes.com.br\/produto\/chapeu-produtor-chapeu-fibra-de-bambu-personalizado\/"]}]},{"@type":"ImageObject","inLanguage":"en-US","@id":"https:\/\/ideiagraficaebrindes.com.br\/produto\/chapeu-produtor-chapeu-fibra-de-bambu-personalizado\/#primaryimage","url":"https:\/\/ideiagraficaebrindes.com.br\/wp-content\/uploads\/2026\/09\/chapeu-produtor-cor-palha-3f954bf9c3c05ed9798635b32a738a4b85b5c756.png","contentUrl":"https:\/\/ideiagraficaebrindes.com.br\/wp-content\/uploads\/2026\/09\/chapeu-produtor-cor-palha-3f954bf9c3c05ed9798635b32a738a4b85b5c756.png","width":999,"height":1000},{"@type":"BreadcrumbList","@id":"https:\/\/ideiagraficaebrindes.com.br\/produto\/chapeu-produtor-chapeu-fibra-de-bambu-personalizado\/#breadcrumb","itemListElement":[{"@type":"ListItem","position":1,"name":"In\u00edcio","item":"https:\/\/ideiagraficaebrindes.com.br\/"},{"@type":"ListItem","position":2,"name":"Loja","item":"https:\/\/ideiagraficaebrindes.com.br\/loja\/"},{"@type":"ListItem","position":3,"name":"Chap\u00e9u Produtor &#8211; Chap\u00e9u fibra de bambu Personalizado"}]},{"@type":"WebSite","@id":"https:\/\/ideiagraficaebrindes.com.br\/#website","url":"https:\/\/ideiagraficaebrindes.com.br\/","name":"Ideia Gr\u00e1fica e Brindes","description":"Brindes Personalizados e Impress\u00e3o em geral","potentialAction":[{"@type":"SearchAction","target":{"@type":"EntryPoint","urlTemplate":"https:\/\/ideiagraficaebrindes.com.br\/?s={search_term_string}"},"query-input":{"@type":"PropertyValueSpecification","valueRequired":true,"valueName":"search_term_string"}}],"inLanguage":"en-US"}]}},"_links":{"self":[{"href":"https:\/\/ideiagraficaebrindes.com.br\/en\/wp-json\/wp\/v2\/product\/10219","targetHints":{"allow":["GET"]}}],"collection":[{"href":"https:\/\/ideiagraficaebrindes.com.br\/en\/wp-json\/wp\/v2\/product"}],"about":[{"href":"https:\/\/ideiagraficaebrindes.com.br\/en\/wp-json\/wp\/v2\/types\/product"}],"replies":[{"embeddable":true,"href":"https:\/\/ideiagraficaebrindes.com.br\/en\/wp-json\/wp\/v2\/comments?post=10219"}],"wp:featuredmedia":[{"embeddable":true,"href":"https:\/\/ideiagraficaebrindes.com.br\/en\/wp-json\/wp\/v2\/media\/10223"}],"wp:attachment":[{"href":"https:\/\/ideiagraficaebrindes.com.br\/en\/wp-json\/wp\/v2\/media?parent=10219"}],"wp:term":[{"taxonomy":"product_brand","embeddable":true,"href":"https:\/\/ideiagraficaebrindes.com.br\/en\/wp-json\/wp\/v2\/product_brand?post=10219"},{"taxonomy":"product_cat","embeddable":true,"href":"https:\/\/ideiagraficaebrindes.com.br\/en\/wp-json\/wp\/v2\/product_cat?post=10219"},{"taxonomy":"product_tag","embeddable":true,"href":"https:\/\/ideiagraficaebrindes.com.br\/en\/wp-json\/wp\/v2\/product_tag?post=10219"}],"curies":[{"name":"wp","href":"https:\/\/api.w.org\/{rel}","templated":true}]}}

Chapéu Produtor &#8211; Chapéu fibra de bambu Personalizado

<p>Chapéu Fibra de Bambu &#8211; Chapéu Produtor é fabricado com fibras naturais (bambu) e poliéster. Leve, confortável, pode molhar que não deforma, se amassar retorna ao estado original.</p>
<p>Gravação em impressão UV colorida ou gravação a laser. Impressão feita em uma fita de couro sintético disponível em várias cores.</p>

<!-- This site is optimized with the Yoast SEO plugin v28.4 - https://yoast.com/product/yoast-seo-wordpress/ -->
<title>Chapéu Produtor - Chapéu fibra de bambu Personalizado - Ideia Gráfica e Brindes</title>
<meta name="description" content="Chapéu Fibra de Bambu - Chapéu Produtor é fabricado com fibras naturais (bambu) e poliéster. Leve, confortável, pode molhar que não deforma" />
<meta name="robots" content="index, follow, max-snippet:-1, max-image-preview:large, max-video-preview:-1" />
<link rel="canonical" href="https://ideiagraficaebrindes.com.br/en/product/chapeu-produtor-chapeu-fibra-de-bambu-personalizado/" />
<meta property="og:locale" content="en_US" />
<meta property="og:type" content="article" />
<meta property="og:title" content="Chapéu Produtor - Chapéu fibra de bambu Personalizado - Ideia Gráfica e Brindes" />
<meta property="og:description" content="Chapéu Fibra de Bambu - Chapéu Produtor é fabricado com fibras naturais (bambu) e poliéster. Leve, confortável, pode molhar que não deforma" />
<meta property="og:url" content="https://ideiagraficaebrindes.com.br/en/product/chapeu-produtor-chapeu-fibra-de-bambu-personalizado/" />
<meta property="og:site_name" content="Ideia Gráfica e Brindes" />
<meta property="article:modified_time" content="2026-09-02T14:54:47+00:00" />
<meta property="og:image" content="http://ideiagraficaebrindes.com.br/wp-content/uploads/2026/09/chapeu-produtor-cor-palha-3f954bf9c3c05ed9798635b32a738a4b85b5c756.png" />
	<meta property="og:image:width" content="999" />
	<meta property="og:image:height" content="1000" />
	<meta property="og:image:type" content="image/png" />
<meta name="twitter:card" content="summary_large_image" />
<meta name="twitter:label1" content="Est. reading time" />
	<meta name="twitter:data1" content="1 minute" />
<script type="application/ld+json" class="yoast-schema-graph">{"@context":"https:\/\/schema.org","@graph":[{"@type":"WebPage","@id":"https:\/\/ideiagraficaebrindes.com.br\/produto\/chapeu-produtor-chapeu-fibra-de-bambu-personalizado\/","url":"https:\/\/ideiagraficaebrindes.com.br\/produto\/chapeu-produtor-chapeu-fibra-de-bambu-personalizado\/","name":"Chapéu Produtor - Chapéu fibra de bambu Personalizado - Ideia Gráfica e Brindes","isPartOf":{"@id":"https:\/\/ideiagraficaebrindes.com.br\/#website"},"primaryImageOfPage":{"@id":"https:\/\/ideiagraficaebrindes.com.br\/produto\/chapeu-produtor-chapeu-fibra-de-bambu-personalizado\/#primaryimage"},"image":{"@id":"https:\/\/ideiagraficaebrindes.com.br\/produto\/chapeu-produtor-chapeu-fibra-de-bambu-personalizado\/#primaryimage"},"thumbnailUrl":"https:\/\/ideiagraficaebrindes.com.br\/wp-content\/uploads\/2026\/09\/chapeu-produtor-cor-palha-3f954bf9c3c05ed9798635b32a738a4b85b5c756.png","datePublished":"2026-09-02T14:40:42+00:00","dateModified":"2026-09-02T14:54:47+00:00","description":"Chapéu Fibra de Bambu - Chapéu Produtor é fabricado com fibras naturais (bambu) e poliéster. Leve, confortável, pode molhar que não deforma","breadcrumb":{"@id":"https:\/\/ideiagraficaebrindes.com.br\/produto\/chapeu-produtor-chapeu-fibra-de-bambu-personalizado\/#breadcrumb"},"inLanguage":"en-US","potentialAction":[{"@type":"ReadAction","target":["https:\/\/ideiagraficaebrindes.com.br\/produto\/chapeu-produtor-chapeu-fibra-de-bambu-personalizado\/"]}]},{"@type":"ImageObject","inLanguage":"en-US","@id":"https:\/\/ideiagraficaebrindes.com.br\/produto\/chapeu-produtor-chapeu-fibra-de-bambu-personalizado\/#primaryimage","url":"https:\/\/ideiagraficaebrindes.com.br\/wp-content\/uploads\/2026\/09\/chapeu-produtor-cor-palha-3f954bf9c3c05ed9798635b32a738a4b85b5c756.png","contentUrl":"https:\/\/ideiagraficaebrindes.com.br\/wp-content\/uploads\/2026\/09\/chapeu-produtor-cor-palha-3f954bf9c3c05ed9798635b32a738a4b85b5c756.png","width":999,"height":1000},{"@type":"BreadcrumbList","@id":"https:\/\/ideiagraficaebrindes.com.br\/produto\/chapeu-produtor-chapeu-fibra-de-bambu-personalizado\/#breadcrumb","itemListElement":[{"@type":"ListItem","position":1,"name":"Início","item":"https:\/\/ideiagraficaebrindes.com.br\/"},{"@type":"ListItem","position":2,"name":"Loja","item":"https:\/\/ideiagraficaebrindes.com.br\/loja\/"},{"@type":"ListItem","position":3,"name":"Chapéu Produtor &#8211; Chapéu fibra de bambu Personalizado"}]},{"@type":"WebSite","@id":"https:\/\/ideiagraficaebrindes.com.br\/#website","url":"https:\/\/ideiagraficaebrindes.com.br\/","name":"Ideia Gráfica e Brindes","description":"Brindes Personalizados e Impressão em geral","potentialAction":[{"@type":"SearchAction","target":{"@type":"EntryPoint","urlTemplate":"https:\/\/ideiagraficaebrindes.com.br\/?s={search_term_string}"},"query-input":{"@type":"PropertyValueSpecification","valueRequired":true,"valueName":"search_term_string"}}],"inLanguage":"en-US"}]}</script>
<!-- / Yoast SEO plugin. -->

Chapéu Produtor - Chapéu fibra de bambu Personalizado - Ideia Gráfica e Brindes

Chapéu Fibra de Bambu - Chapéu Produtor é fabricado com fibras naturais (bambu) e poliéster. Leve, confortável, pode molhar que não deforma

Ideia Gráfica e Brindes

Início

Brindes Personalizados e Impressão em geral
